ts digit of 28/14 + 0 + 185?
7
Let s be 310/(-15) - 1/3. Let n be (-4)/(-10)*(-14 - 1). What is the tens digit of -28*(3 - s/n)?
1
Let l be (-5)/(9/6 - 2). Suppose -l = -8*n + 3*n. Suppose h - 2 = 3, 2*d + n*h - 14 = 0. What is the units digit of d?
2
Suppose 2*b + 4*m + 4 = 0, b + b + 4 = 4*m. Let x = b + -2. What is the units digit of 2/x*(0 + -2)?
1
Suppose 0*v + 240 = 3*v. Suppose -3*n - 2*t = -60, 4*n + 2*t + 2*t = v. What is the units digit of n?
0
Let c(l) = -l**2 + 10*l + 4. Let z(f) = 2*f - 5. Let p be z(5). Let m(x) = x**2 - 2*x - 6. Let b be m(p). What is the units digit of c(b)?
3
Let f(g) = 7*g - 2. Let c be f(2). Suppose 4*r - 5*r + c = 0. What is the tens digit of r?
1
Let b(g) = -g - 3. Let t be b(0). Let x(p) = p**2 + 4. Let w be x(t). Suppose w = 2*z + 3*f - 0, -5*z = -3*f - 43. What is the units digit of z?
8
Let t = -21 - -32. Let l = t - 2. What is the units digit of l?
9
Suppose -3*t + 481 = 91. What is the units digit of t/18 + 10/(-45)?
7
What is the tens digit of 21/(9/(-3))*-14?
9
Let m = 357 - 175. What is the tens digit of m?
8
Suppose 5*x - 780 = 2*p, -5*x + 0*p + 805 = 3*p. What is the units digit of x?
8
Let y = 13 - 13. Suppose -4*c + 24 = -y. What is the units digit of c?
6
Suppose -j + 85 = -63. What is the tens digit of j?
4
Let t(p) = 2*p**2 + p - 3. What is the tens digit of t(5)?
5
Suppose 0 = -q + 3*d + 142, 31 + 522 = 4*q + 3*d. Suppose 4*f + 23 = q. What is the units digit of f?
9
Suppose -3*m + 138 = -5*b, 9*m - 230 = 4*m - 2*b. Suppose 3*a + 2*a = o - 38, -m = -2*o - 5*a. What is the units digit of o?
8
Suppose 5*x = -0*l - l + 415, 5*l + 25 = 0. Let y(c) = 2*c**3 + c**2. Let p be y(1). Suppose p*b + b = x. What is the units digit of b?
1
Suppose 2*o - 4*o + 2*x - 18 = 0, -3*x = -o - 11. Let s = 1 - o. What is the units digit of s?
9
Suppose 11*n + 144 = 20*n. What is the units digit of n?
6
Let t(p) = -p + 10. Let g be t(10). Suppose 3*z - 4*x - 32 = g, 6 = 4*z - 0*z + 2*x. Suppose j = 4*j + 4*u - 22, z*j = 3*u + 21. What is the units digit of j?
6
Suppose 0 = 2*n + 2*n - 52. Let r = n + -1. Suppose -7*b + r = -4*b. What is the units digit of b?
4
Suppose -2*v = -3*k + 8, 5*k - 5 + 17 = -3*v. Let q be k*(2 + (-5 - -2)). Suppose 0*j + 27 = 3*j + f, q = -j + 2*f + 2. What is the units digit of j?
8
Let g(j) = -j**3 + 5*j**2 - 3*j + 4. Let w be g(4). Suppose -w + 17 = u. What is the units digit of u?
9
Let s = -29 - -21. Let l = s - -17. What is the units digit of l?
9
Suppose 3*g = 5*a - 0*a, -5*g = -a. Let y(m) be the first derivative of -m**4/4 + m**3/3 + m**2/2 + m + 1. What is the units digit of y(a)?
1
Let f = -7 + 180. What is the hundreds digit of f?
1
Let p(a) = -a**3 - a**2 + 2. Let j be p(2). What is the tens digit of (-144)/j + 12/(-30)?
1
Let h = 0 + 3. Let m(o) = 2*o**3 - 4*o**2 - 2*o + 4. What is the units digit of m(h)?
6
Suppose 2*h = -h + 117. What is the units digit of h?
9
Suppose 0 = 4*h + h. Suppose -8 = -x - h*x. What is the units digit of (-44)/(-16) + (-6)/x?
2
Let n = 5 + 10. Suppose -n = 5*w, -241 - 59 = -4*v + 4*w. Suppose v = 2*p + 2*p. What is the units digit of p?
8
Suppose -5*a + m = -128, 0 = -2*m - 1 + 5. What is the tens digit of a?
2
Let b = 26 + 1. Suppose -b = -2*t - 3. What is the units digit of t?
2
Let p(z) = -z + 1. Suppose 1 = -4*j - 3. What is the units digit of p(j)?
2
Let r be (-5 + 3)*1 - -92. Suppose -4*s - 18 = -r. What is the units digit of s?
8
Let n(s) = s**3 + 4*s**2 + 4. Let w be n(-4). Let b = w + -4. Let t = 6 - b. What is the units digit of t?
6
Let d(r) = 44*r**3 + 2*r - 1. What is the units digit of d(1)?
5
Let o(y) = 2*y**2 + 2*y - 1. Let z be o(-2). Suppose 4*s = -m + 43, 57 = z*s + 2*s - 2*m. What is the tens digit of s?
1
Let g = -31 - -125. Let p = -65 + g. What is the units digit of p?
9
Let b(g) = -g**3 - 2*g**2 + g - 2. Let v be (0 - 3/9)*9. What is the units digit of b(v)?
4
Let q(u) = -4*u + 3. Let t be q(-3). Suppose -3*s - 2*s = -z + 3, -5*z + 3*s = -t. Let j(v) = -v**3 + 4*v**2 - 3. What is the units digit of j(z)?
6
Let k be ((-1)/2)/((-5)/200). Suppose -4*r = -3*c - k, 0*r - c = 2*r - 20. What is the units digit of r?
8
Let q = -27 - -50. What is the tens digit of q?
2
What is the units digit of 6/(-15) + (-111)/(-15)?
7
Let v = -91 - -137. Suppose -2*s + v = -4*o, 3*s + 0*s - 4*o = 73. What is the tens digit of s?
2
Let g = 4 - -15. What is the tens digit of g?
1
What is the units digit of (4 + 2)*14/6?
4
Let o(t) be the first derivative of -t**3/3 - 3*t**2 - 5*t + 2. Let j be o(-5). What is the units digit of (j - 1)/(3/(-6))?
2
Let z(p) = -33*p - 22. What is the hundreds digit of z(-5)?
1
Suppose 0 = g, -5*g = -3*o - g + 174. What is the units digit of o?
8
What is the tens digit of (102/(-8))/(7/(-28))?
5
Let x(m) = m**3 - 12*m**2 + 10*m + 7. Let p be x(11). What is the units digit of p*(-1 - 10/8)?
9
Let b = -64 - -109. What is the tens digit of b?
4
Let w = 4 + 8. Suppose -w = 2*y + y. What is the units digit of 1 + (-2 - y) + 3?
6
Suppose j + o - 9 = 3*o, 4*o = 0. What is the units digit of j?
9
Let z = 0 + 31. What is the tens digit of z?
3
Let l(i) = 13*i**2 - 5 - 4*i + 12 - 20*i**2 - i - i**3. What is the units digit of l(-6)?
1
Suppose 0 = -p - 0*p. Suppose y - 2 = -p. What is the units digit of y?
2
Let s(k) = -k**3 - 4*k**2 + 9*k + 1. What is the units digit of s(-7)?
5
Let w(a) = a**2 - 7*a - 5. What is the tens digit of w(13)?
7
Let z be 1/2*(-6 - -4). What is the units digit of (-3 - -3)*z + 2?
2
Suppose 0 = 5*t - 2*t - 12. Suppose z + 4*z = -t*g + 111, 0 = 5*z + 2*g - 103. What is the units digit of z?
9
Let j(r) = r**3 - 6*r**2 - 7*r + 6. Suppose -3*k = -3*h + 6, -5*h = -2*k + 7*k - 60. What is the units digit of j(h)?
6
Suppose -3*r = 3 - 9. Suppose 4*o - 30 = r*o. What is the tens digit of o?
1
What is the tens digit of (-4)/(-5) + (-1092)/(-10)?
1
Suppose -2*j + 3*p = -106, -2*p + 244 = 8*j - 4*j. What is the units digit of j?
9
Let i = -4 - -75. What is the units digit of i?
1
Let y be -1 + (-3)/3 - -6. Let p be 850/18 - y/18. Suppose 0 = 5*a + 7 - p. What is the units digit of a?
8
Let v = 48 - 32. What is the units digit of v?
6
Let c = 5 - 3. Suppose 2*j - 12 = -c. What is the units digit of j?
5
Suppose -n - 4*m - 330 = -6*n, 2*n - 5*m - 115 = 0. What is the tens digit of n?
7
Suppose o - 2*o = 2*w + 8, 4*w + 16 = o. Suppose o = 3*s + 1 + 11. Let t(j) = j + 5. What is the units digit of t(s)?
1
Let o(p) = -p**3 + 3*p**2 + 6*p - 4. Let a be o(4). Suppose -4 - a = -f. What is the units digit of f?
8
Suppose 1 = -i - 0, 19 = 5*k + i. Suppose k*b = 1 - 13. What is the units digit of (b - 1)/(-2 - -1)?
4
Let t(k) = k**3 - 2*k**2 - 4*k - 5. Suppose -2*r + 3 = -5. What is the units digit of t(r)?
1
Suppose -5*h - 2*y + 271 = -0*h, -5*y = 2*h - 121. What is the tens digit of h?
5
Let i(z) = -z + 2. Let f be i(4). What is the units digit of (1 - 5)/(1/f)?
8
Let c = -8 + 5. Let w be (-15)/c*(0 + 1). Suppose 0 = -3*r - 2*r + w. What is the units digit of r?
1
Let r(q) = 56*q**2 - q - 4. What is the tens digit of r(2)?
1
Suppose -3*d - 3*z + 29 + 40 = 0, -43 = -d + 3*z. What is the tens digit of d?
2
Suppose -51*m + 44*m = -434. What is the units digit of m?
2
Let d = -14 - -19. What is the units digit of d?
5
Let b(x) = 5*x**3 + 2*x**2 - 3*x + 4. Let o(p) = 2*p**3 - 3*p**2 - 5 - 8*p**3 + 2*p**2 + 4*p. Let w(g) = -5*b(g) - 4*o(g). What is the units digit of w(-6)?
6
Suppose -33 = -3*i - 0*i. Suppose i = -3*x + 5*x + t, 5*x = -t + 26. What is the units digit of x?
5
Suppose -2*r - 3*r = -50. What is the tens digit of 2/4 - (-285)/r?
2
Let w(c) = c**2. Let q(a) = 8*a**2 + a - 2. Let o(i) = q(i) - 5*w(i). What is the tens digit of o(-3)?
2
Let g(a) = 3*a**3 + 3*a - 2. Let p be g(1). Suppose 0 = m + 5*k + 3, -p*m + 80 = -0*k - 3*k. What is the tens digit of m?
1
Let x(n) be the first derivative of -n**3/3 - 6*n**2 + 18*n + 3. Let b be x(-13). Suppose -2*t + b*a = -49, 4*t + a + 3*a - 28 = 0. What is the tens digit of t?
1
Suppose 5 - 16 = -p - 4*f, 0 = f - 1. What is the units digit of p?
7
Let c(a) = -a + 1. Let v be c(-9). Let f(s) = 8*s + 0*s - 7*s + v. What is the tens digit of f(0)?
1
Suppose -4*l = -4*g - 120, 5*l - 24 - 118 = -3*g. What is the units digit of l?
9
Suppose 2*a - 126 = -a. What is the units digi